).
-14
Let v(k) = 161*k - 7964. Calculate v(50).
86
Let o(i) = 12*i**2 + 1369*i + 1518. Calculate o(-113).
49
Let y(l) = -7*l**2 + 3597*l - 17959. Give y(5).
-149
Let m(x) = -289*x**2 + 10680*x + 487. What is m(37)?
6
Let w(u) = -2*u**2 + 247*u - 9707. What is w(67)?
-2136
Let w(v) = v**3 - v**2 + 63*v - 64. Give w(0).
-64
Let o(d) = -d**3 - 21*d**2 + 31*d - 187. Give o(-17).
-1870
Let u(c) = 14750*c + 29485. What is u(-2)?
-15
Let i(g) = 2*g**2 - 2772*g - 33583. Give i(-12).
-31
Let p(a) = 1273*a + 11443. Determine p(-9).
-14
Let o(p) = -100*p**2 - 2000*p - 7965. Give o(-4).
-1565
Let m(b) = -b**2 - 1360*b - 457218. Calculate m(-752).
-2
Let a(v) = -v**3 - 24*v**2 + 790*v + 18969. Determine a(-24).
9
Let x(t) = 302*t + 14359. Give x(-46).
467
Let s(c) = -5*c**2 - 145169*c - 1015953. What is s(-7)?
-15
Let g(y) = -18*y**2 + 279*y - 16. Determine g(0).
-16
Let j(g) = -4*g**2 + 14541*g + 43634. Give j(-3).
-25
Let x(y) = 5045*y**2 - 80712*y - 118. Give x(16).
10
Let x(t) = t**3 - 4*t**2 + 1036*t - 6271. Give x(6).
17
Let w(a) = -a**3 - 155*a**2 - 315*a - 1360. Calculate w(-153).
17
Let h(y) = -4952*y - 2124380. Determine h(-429).
28
Let r(p) = 378*p - 4555. Give r(12).
-19
Let w(s) = 3525*s + 324115. Calculate w(-92).
-185
Let m(q) = 93*q**2 - 781*q + 3101. Determine m(4).
1465
Let b(p) = -239125*p + 10043255. Give b(42).
5
Let h(t) = 11*t**3 - 91*t**2 - 4*t + 111. Calculate h(8).
-113
Let x(q) = -16*q**2 + 1980*q + 483. Determine x(124).
-13
Let w(u) = -u**2 + 16673*u - 33338. Determine w(2).
4
Let r(k) = -14*k**2 - 4010*k - 38705. Determine r(-10).
-5
Let t(u) = -u**3 - 181*u**2 - 7920*u - 208. Determine t(-107).
6
Let z(p) = 3*p**3 + 651*p**2 - 350*p - 75973. Calculate z(-217).
-23
Let k(u) = -661*u - 974. Determine k(4).
-3618
Let r(b) = b**2 + 223*b + 10513. Determine r(-142).
-989
Let w(o) = 311*o**2 + 2039*o - 1070. Calculate w(-7).
-104
Let g(y) = -82779*y + 1738366. Determine g(21).
7
Let t(r) = -9*r**2 - 92*r + 361. Give t(3).
4
Let l(v) = -v**2 - 102*v + 1653. Calculate l(-116).
29
Let w(a) = -a**3 - 19*a**2 - 54*a + 207. Calculate w(-14).
-17
Let w(x) = 11330*x + 294619. Give w(-26).
39
Let b(s) = -21622*s - 173107. Determine b(-8).
-131
Let x(c) = -c**3 - 169*c**2 + 227*c + 9192. What is x(-170)?
-498
Let c(j) = 3072*j + 15544. Calculate c(-5).
184
Let i(h) = 11*h**2 + 2302*h + 24542. What is i(-198)?
-10
Let a(l) = 6536*l**2 + 1117652*l - 679. Calculate a(-171).
5
Let d(o) = -9*o**2 - 1083*o + 9917. Determine d(9).
-559
Let z(u) = 726712*u - 17441096. Calculate z(24).
-8
Let x(j) = 266780*j + 266789. Give x(-1).
9
Let u(d) = 5*d**3 - 20*d**2 - 70*d + 44. What is u(-5)?
-731
Let q(n) = 21*n**2 + 1267*n + 6274. Calculate q(-5).
464
Let f(l) = 8*l**2 + 1226*l + 9685. What is f(-8)?
389
Let f(w) = -80*w**3 + 16*w**2 + 250*w - 266. Determine f(1).
-80
Let m(h) = 11*h**2 - 68*h - 2647. Calculate m(19).
32
Let q(u) = u**3 - 7*u**2 - u + 29. Calculate q(-6).
-433
Let c(w) = -2*w**3 + 419*w**2 + 1836*w + 557. Determine c(-4).
45
Let r(l) = -33*l**2 + 40*l - 719. What is r(-6)?
-2147
Let i(x) = x**3 - 108*x**2 + 2254*x + 1030. Determine i(29).
-43
Let p(h) = 254*h**2 + 143*h - 20. Calculate p(-1).
91
Let m(f) = 3*f**3 - 55*f**2 - 83*f - 592. What is m(20)?
-252
Let n(d) = 78*d + 1266. Calculate n(-12).
330
Let n(q) = 6827*q + 13635. Calculate n(-2).
-19
Let z(m) = -3922*m - 19580. Calculate z(-5).
30
Let q(s) = -3*s**3 - 50*s**2 - 199*s - 130. Give q(-11).
2
Let s(t) = -t**2 + 289736*t - 2028106. What is s(7)?
-3
Let h(k) = 2*k**2 - 786*k + 57665. Determine h(99).
-547
Let c(t) = t**3 + 1485*t**2 - 7445*t - 25. What is c(5)?
0
Let w(x) = 10871*x + 12610360. Give w(-1160).
0
Let w(q) = 17*q**3 + 3*q**2 + 27*q - 79. What is w(5)?
2256
Let f(i) = -5*i**3 + 220*i**2 - 223*i + 552. Give f(43).
208
Let s(l) = -l**3 - 9*l**2 + 39991*l + 280008. Give s(-7).
-27
Let b(h) = -h**3 - 145*h**2 + 47*h + 6475. Give b(-145).
-340
Let b(z) = z**2 - 225*z + 3164. Determine b(15).
14
Let o(y) = 4*y**3 + 173*y**2 - 7*y - 170. Determine o(-43).
1980
Let o(w) = 8632*w + 837308. Calculate o(-97).
4
Let x(c) = -55*c**2 + 20*c + 256. Give x(-8).
-3424
Let r(q) = -3*q**3 + 35*q**2 - 169*q + 1449. Give r(11).
-168
Let a(x) = -x**3 + x**2 - 1082*x - 6800. What is a(-6)?
-56
Let b(n) = 4*n**3 + 200*n**2 - 1251*n - 228. Give b(6).
330
Let v(z) = 2*z**3 - 263*z**2 - 125*z - 951. Calculate v(132).
-27
Let w(v) = 32*v**2 - 6563*v - 13243. Calculate w(-2).
11
Let z(j) = 3*j**2 - 1586*j - 19456. What is z(-12)?
8
Let u(c) = 2492*c - 37144. What is u(15)?
236
Let y(p) = 13*p**3 + 23*p**2 - 61*p - 37. Determine y(2).
37
Let x(g) = g**2 - 1430*g - 149730. Calculate x(-98).
14
Let c(v) = -2*v**3 + 6*v**2 - 14*v - 803. Calculate c(0).
-803
Let t(y) = 3838*y - 994067. Determine t(259).
-25
Let m(f) = -2*f**2 + 8480*f - 93033. Calculate m(11).
5
Let y(i) = -i**3 + 24*i**2 + 1687*i - 43445. Calculate y(26).
-935
Let b(n) = 6*n**2 - 2476*n + 51058. What is b(391)?
228
Let h(o) = -79*o - 3647. Give h(-32).
-1119
Let r(g) = -2444*g + 136883. Calculate r(56).
19
Let y(a) = a**2 - 117*a + 176. Give y(116).
60
Let p(i) = 2*i**2 - 276296*i - 828910. What is p(-3)?
-4
Let r(f) = f**3 - 2945*f**2 + 20562*f - 10. Give r(7).
-38
Let h(y) = 4325*y + 155711. Give h(-36).
11
Let q(u) = u**2 - 55674*u - 2395841. Determine q(-43).
-10
Let b(m) = -4*m**3 - 61*m**2 + 300*m + 5186. Calculate b(-14).
6
Let c(a) = a**2 - 151*a - 5132. Give c(-29).
88
Let s(m) = -43*m**3 - 296*m**2 + 32*m - 28. Calculate s(-7).
-7
Let f(h) = 4*h**3 - 49*h**2 + 97*h + 169. Calculate f(4).
29
Let u(q) = -16361*q - 948934. Calculate u(-58).
4
Let k(a) = 2*a**3 + 112*a**2 + 41*a + 2341. Calculate k(-56).
45
Let d(v) = v**3 + 232*v**2 + 4045*v - 381. Give d(-213).
45
Let q(n) = -2*n**2 + 807*n + 39392. What is q(-44)?
12
Let p(z) = 222*z - 4222. Determine p(22).
662
Let o(f) = 18*f**2 + 865*f - 11631. Calculate o(-59).
-8
Let x(d) = 74*d**2 + 2948*d + 16994. Determine x(-7).
-16
Let v(g) = 4*g**3 + 277*g**2 - 342*g - 28364. Calculate v(-69).
-5
Let m(k) = -416*k + 6461. Determine m(14).
637
Let u(v) = 8215*v + 82135. Determine u(-10).
-15
Let y(f) = f**2 + 23*f - 5. Calculate y(6).
169
Let s(k) = k**2 + 619*k - 33379. Calculate s(-669).
71
Let x(y) = y**2 - 185*y + 5915. Calculate x(146).
221
Let b(f) = -f**3 + 4*f**2 + 1082*f - 3262. Calculate b(3).
-7
Let f(n) = -3*n**3 + 62*n**2 - 85*n - 666. Calculate f(18).
396
Let g(y) = y**2 + 4505*y + 58392. Calculate g(-13).
-4
Let z(w) = 795*w**2 + 3963*w - 54. What is z(-5)?
6
Let n(m) = -2385244*m - 35778657. Give n(-15).
3
Let y(g) = g**3 - 185*g**2 + 90*g - 16672. What is y(185)?
-22
Let y(n) = 2*n**3 + 162*n**2 + 861*n - 1880. What is y(-75)?
1045
Let f(l) = -l**3 - 220*l**2 + 16124*l + 9. Give f(-278).
9
Let r(z) = 17*z**2 - 10263*z - 107446. Determine r(614).
4
Let i(c) = -2*c**2 - 39*c + 1502. Calculate i(-39).
-19
Let b(f) = 3*f**2 - 142018*f + 710013. Determine b(5).
-2
Let g(t) = -186463*t - 19951539. Give g(-107).
2
Let b(p) = -1752*p - 16403. Give b(-11).
2869
Let v(p) = -79*p**2 - 6430*p + 6437. Give v(1).
-72
Let c(b) = 774*b**3 + 287154*b**2 - 4*b - 1487. What is c(-371)?
-3
Let u(t) = -2*t**2 - 29898*t + 4773819. Calculate u(158).
7
Let h(f) = 282989*f + 566004. What is h(-2)?
26
Let g(m) = -904*m + 7344. Determine g(8).
112
Let i(j) = -42536*j - 1403591. Give i(-33).
97
Let p(a) = -693*a - 11087. Determine p(-16).
1
Let v(c) = 2*c**3 - 69*c**2 + 57*c - 95. What is v(34)?
687
Let l(o) = 62*o + 306. Give l(8).
802
Let g(d) = 193955*d - 6982370. Determine g(36).
10
Let x(z) = 2910*z + 5269. Determine x(-2).
-551
Let d(s) = 2796*s + 382750. Give d(-137).
-302
Let h(k) = -157*k + 7249. What is h(45)?
184
Let i(u) = -39*u**3 + 453*u**2 + 5471*u + 15. What is i(19)?
-4
Let p(j) = -j**3 + 21*j**2 + 4111*j - 89954. Determine p(22).
4
Let m(v) = -695*v + 9053. Calculate m(13).
18
Let u(h) = 1169*h**2 + 42084*h - 76. What is u(-36)?
-76
Let r(w) = 17*w**2 + 508*w + 3656. What is r(-12)?
8
Let g(b) = -b**3 - 49*b**2 - 56*b - 2753. Calculate g(-49).
-9
Let f(c) = 4*c**3 + 8*c**2 + 4836*c + 9675. Give f(-2).
3
Let q(u) = -37*u + 5921. What is q(115)?
1666
Let q(u) = -76361*u + 11. What is q(0)?
11
Let s(k) = 9807*k - 20047. What is s(2)?
-433
Let h(j) = -j**3 + 85*j**2 - 438